9, what is -3 - -1133?
1130
In base 13, what is 67067 + -1?
67066
In base 8, what is 2323 + 132?
2455
In base 2, what is 110011010111 + 10000000?
110101010111
In base 13, what is a - 13915?
-13908
In base 13, what is -1a + -172a?
-1747
In base 15, what is -4 + -2a0d1?
-2a0d5
In base 13, what is 322 - 769?
-447
In base 10, what is 6 + 3665?
3671
In base 7, what is -1325 - -414?
-611
In base 10, what is 66019 - 15?
66004
In base 14, what is 2 + 3d0b?
3d0d
In base 11, what is 382483 - 4?
38247a
In base 13, what is 8 - -57904?
5790c
In base 12, what is 0 + 28bb5?
28bb5
In base 8, what is 5 - 724643?
-724636
In base 7, what is -1 + 4356062?
4356061
In base 13, what is 4 - -7cb0?
7cb4
In base 4, what is 1 + 120301112?
120301113
In base 5, what is 0 + 1123401?
1123401
In base 12, what is 5 - 26826?
-26821
In base 2, what is -10011010110001 - -100?
-10011010101101
In base 7, what is 11 + 435?
446
In base 8, what is 152 + -117?
33
In base 11, what is 50 - 265?
-215
In base 3, what is -1120010011 + 12?
-1120002222
In base 7, what is 206256 - -5?
206264
In base 12, what is -1055 - -97?
-b7a
In base 2, what is 100 + -1111011110001100?
-1111011110001000
In base 8, what is -1165 - 1?
-1166
In base 16, what is 2c6e8 + 5?
2c6ed
In base 8, what is 260247 - 0?
260247
In base 11, what is -1002 - -480?
-632
In base 6, what is -2254 - -11451?
5153
In base 14, what is -82 - -2aa?
228
In base 5, what is -4034 - -33?
-4001
In base 13, what is -13209 - -19?
-131c0
In base 4, what is -2 + 101032130?
101032122
In base 8, what is -2 - 1031?
-1033
In base 2, what is 111001 - 111?
110010
In base 5, what is -3414003130 + 0?
-3414003130
In base 14, what is b71c9 - -7?
b71d2
In base 10, what is 4 - 411614?
-411610
In base 3, what is -20 - -12012220020?
12012220000
In base 13, what is 77 + 583?
62a
In base 10, what is -161 - 2280?
-2441
In base 15, what is -6 + -726e?
-7275
In base 6, what is 5102140 + 0?
5102140
In base 8, what is -22 + 44745?
44723
In base 5, what is -1110404243 - -2?
-1110404241
In base 4, what is -2111332 - 312?
-2112310
In base 10, what is -480312 - 5?
-480317
In base 11, what is 242 - -192?
424
In base 8, what is -740374 + 4?
-740370
In base 16, what is -508 + 18?
-4f0
In base 3, what is 1020010 + 210222?
2001002
In base 9, what is 3706 - 45?
3651
In base 2, what is -10011010000000101001 + -101?
-10011010000000101110
In base 11, what is 1 - -308a?
3090
In base 6, what is 2543544 - -5?
2543553
In base 12, what is 293 + -640?
-369
In base 16, what is 3 - 85?
-82
In base 9, what is -1871 + -42?
-2023
In base 14, what is -169 + 2a4?
139
In base 6, what is -43522 - -123?
-43355
In base 6, what is -4 - -2210?
2202
In base 14, what is 8279 + -24?
8255
In base 6, what is -130031343 + 5?
-130031334
In base 14, what is -2 + 46019?
46017
In base 16, what is -6d56 + -c?
-6d62
In base 14, what is 11 + -1546?
-1535
In base 14, what is -40 - 3d8b?
-3dcb
In base 2, what is -10 + 100001001010111?
100001001010101
In base 10, what is -21468 + 2?
-21466
In base 12, what is 3 - -410242?
410245
In base 13, what is 0 - 835ac?
-835ac
In base 10, what is -1240 - 905?
-2145
In base 15, what is -3a + -73?
-ad
In base 3, what is -10121022010 + 2?
-10121022001
In base 16, what is -c + 35e?
352
In base 8, what is -1 + -440?
-441
In base 14, what is 1cd8 + 7?
1d01
In base 9, what is -14605 + -20?
-14625
In base 5, what is -234 - 100043?
-100332
In base 12, what is -a87a9 - 3?
-a87b0
In base 12, what is 7a - -2389?
2447
In base 15, what is -76288 + 4?
-76284
In base 15, what is eec - -10?
100c
In base 13, what is 24 + cb9?
1010
In base 14, what is -1c264 - c?
-1c272
In base 8, what is -11452 - -57?
-11373
In base 8, what is 20231 + -3?
20226
In base 6, what is 3 - 423124?
-423121
In base 12, what is 20 + 9?
29
In base 6, what is 1242 - -125544?
131230
In base 8, what is -101440 - -17?
-101421
In base 11, what is 4 + -6709?
-6705
In base 7, what is 10334 - 3?
10331
In base 14, what is 26026 + 4?
2602a
In base 6, what is 512314 + 3?
512321
In base 14, what is -97d + -4c?
-9cb
In base 11, what is -698 - 132?
-81a
In base 12, what is 414a - -15?
4163
In base 16, what is 3a185 - -4?
3a189
In base 15, what is -18 - 93b?
-954
In base 7, what is 1305 - -43?
1351
In base 5, what is -24400 - 2221?
-32121
In base 11, what is -112 + -214?
-326
In base 2, what is -11 + -101101111010011?
-101101111010110
In base 2, what is 10010100 - -11111101100?
100010000000
In base 3, what is 11 - 1001021002?
-1001020221
In base 15, what is -b4 - 273?
-337
In base 8, what is 231 - -4253?
4504
In base 6, what is 1 - -13004231?
13004232
In base 8, what is -25 - 163511?
-163536
In base 8, what is 5 + 25467?
25474
In base 4, what is -110011201 + -1?
-110011202
In base 14, what is 1055 + 3c?
1093
In base 3, what is 22202 + 201?
100110
In base 9, what is -2 + 7322?
7320
In base 9, what is 2 + 6347?
6350
In base 14, what is 1d179 + -6?
1d173
In base 16, what is 1564 + -8a?
14da
In base 9, what is 17 + 1360?
1377
In base 2, what is 101 - 11110010011?
-11110001110
In base 9, what is -2 - -6468?
6466
In base 2, what is -10 + -11111000100000100111?
-11111000100000101001
In base 15, what is -1d - 6a4c?
-6a6a
In base 3, what is -2120200 - -21100?
-2022100
In base 13, what is 2343ac + -3?
2343a9
In base 5, what is -111 + 14201?
14040
In base 11, what is -2 + 60a46?
60a44
In base 3, what is -12 + 12212112?
12212100
In base 14, what is 2dd40 - -8?
2dd48
In base 8, what is 46 - -267501?
267547
In base 7, what is 104 + 1551?
1655
In base 2, what is 1000110110 + -1110?
1000101000
In base 10, what is 406267 - -3?
406270
In base 2, what is 11 + -1001000101010?
-1001000100111
In base 14, what is -1446 + 46a?
-dba
In base 9, what is 102155 - -3?
102158
In base 10, what is 3 - -2658?
2661
In base 14, what is -287b - 259?
-2ad6
In base 4, what is -20 - -13123?
13103
In base 10, what is 8305859 + -1?
8305858
In base 10, what is -12 + 85263?
85251
In base 3, what is 1222020020 + -10?
1222020010
In base 15, what is -90e - -69?
-895
In base 16, what is 313a - 8?
3132
In base 2, what is -10001000000 + -10010?
-10001010010
In base 10, what is 2002589 + 2?
2002591
In base 12, what is 7 - -4ab56?
4ab61
In base 4, what is -101 + 1103201?
1103100
In base 4, what is -3 - 23320303?
-23320312
In base 7, what is -1320162 + 4?
-1320155
In base 2, what is -10001101111010 + 10110000?
-10001011001010
In base 13, what is 2 + 23130?
23132
In base 12, what is 26352 + -3?
2634b
In base 5, what is -214 - 11040?
-11304
In base 8, what is 2600 + -106?
2472
In base 12, what is -5a9485 - 3?
-5a9488
In base 5, what is 2112 + -2400?
-233
In base 9, what is 11 + 4754?
4765
In base 14, what is -31 + 150c?
14bb
In base 6, what is 1012 + -4211?
-3155
In base 5, what is 110011 + -1022?
103434
In base 7, what is -431520 - -6?
-431511
In base 2, what is 100 - -100000111100100?
100000111101000
In base 13, what is 487 + 2c?
4b6
In base 14, what is -c154 - -1b?
-c137
In base 16, what is -44 + -53b?
-57f
In base 15, what is -7 - -7583?
757b
In base 6, what is -10 + -24254242?
-24254252
In base 13, what is -4336 - 9c?
-4405
In base 5, what is 0 + 2001212?
2001212
In base 10, what is 1033 - 25?
1008
In base 15, what is 3 + 82503?
82506
In base 5, what is -10202111 - 3?
-10202114
In base 13, what is -40 + 494?
454
In base 9, what is 701144 - -3?
701147
In base 4, what is -1021000 - -2?
-1020332
In base 2, what is 101 - 100010001110110010?
-100010001110101101
In base 13, what is -5 - -74a?
745
In base 10, what is 8574 + -8?
8566
In base 10, what is 4 - 169665?
-169661
In base 10, what is -8 - -66190?
66182
In base 3, what is -1000121 + 10?
-1000111
In base 11, what is 901 - -21?
922
In base 13, what is -136 - -1b44?
1a0b
In base 10, what is -78 + 18728?
18650
In base 14, what is c5 + -351?
-26a
In base 11, what is -42 + -2354?
-2396
In base 8, what is -3 + -51234?
-51237
In base 14, what is -20ab7 - 50?
-20b27
In base 15, what is 41 - -2a?
6b
In base 8, what is 577706 - -1?
577707
In base 9, what is 167 + 3453?
3631
In base 14, what is 4 - ac0b6?
-ac0b2
In base 9, what is -2223 - -73?
-2140
In base 16, what is -3d3067 - 2?
-3d3069
In base 4, what is -2031121302 - 0?
-2031121302
In base 5, what is -13 - -140404?
140341
In base 14, what is 31a9 + 2?
31ab
In base 6, what is -3 +